{"id":11675,"date":"2017-10-28T16:43:37","date_gmt":"2017-10-28T14:43:37","guid":{"rendered":"http:\/\/mosta-heirt.com\/?page_id=11675"},"modified":"2022-12-25T14:19:26","modified_gmt":"2022-12-25T13:19:26","slug":"la-poutre-coloree-1973","status":"publish","type":"page","link":"https:\/\/mosta-heirt.com\/?page_id=11675","title":{"rendered":"La Poutre Color\u00e9e, 1973 &#8211; Expos\u00e9e \u00e0 la galerie Eric Fabre en 1974"},"content":{"rendered":"<!-- wp:themify-builder\/canvas \/-->\n\n<!--themify_builder_static--><img loading=\"lazy\" decoding=\"async\" src=\"https:\/\/mosta-heirt.com\/wp-content\/uploads\/2017\/06\/poutre_colore_01-1-1.jpg\" width=\"480\" height=\"587\">\n<p style=\"text-align: center;\"><strong>POUTRE COLOR\u00c9E<\/strong><\/p> <p style=\"text-align: center;\">&#8211;<\/p> <p style=\"text-align: center;\">1973\u00a0<\/p>\n<p style=\"text-align: left;\">\u00a0 \u00a0 \u00a0J\u2019ai d\u00e9cid\u00e9 de poser la couleur rouge en stries s\u00e9quentielles qui se d\u00e9perdait\u00a0dans le bois naturel, comme une pulsion, en fait ce qui m\u2019int\u00e9ressait \u00e0 l\u2019\u00e9poque\u00a0c\u2019\u00e9tait le rapport \u00e0 l\u2019espace que j\u2019avais int\u00e9gr\u00e9 en regardant les constructivistes\u00a0Russes et les\u00a0minimalistes Am\u00e9ricains.<br>Je n\u2019ai pour l\u2019instant trouv\u00e9 dans mes lectures, de th\u00e9oriciens ou d\u2019historiens de l\u2019art\u00a0qui \u00e9voquent cette d\u00e9couverte, on se perd toujours dans le sujet alors que c\u2019est la\u00a0plastique qui devrait \u00eatre le propos. Cette orientation m\u00e9thodologique aura \u00e9t\u00e9 le but\u00a0de ma\u00a0recherche jusqu\u2019\u00e0 l\u2019heure actuelle. Ainsi je m\u2019aper\u00e7ois que les pr\u00e9monitions intuitives\u00a0que j\u2019avais \u00e0 l\u2019\u00e9poque se r\u00e9v\u00e8lent et m\u00fbrissent avec mes nouvelles pr\u00e9sentations, la\u00a0derni\u00e8re en date sera l\u2019exposition \u00e0 \u201cImmanence\u201d \u00e0 Paris en 2014.<\/p> <p style=\"text-align: left;\">On se rem\u00e9more, de cette poutre de 4m sectionn\u00e9e en deux morceaux, l\u2019un de 3m,\u00a0l\u2019autre de 1m. Elle \u00e9tait pos\u00e9e au sol, elle prenait l\u2019espace du sol comme une\u00a0\u00e9tendue. En tant que volume elle subvertit la notion de verticalit\u00e9, (ch\u00e8re \u00e0 nos\u00a0sculpteurs\u00a0traditionalistes), de socle\u2026. Mais elle introduisait la couleur ce qui l\u2019a\u00a0ramen\u00e9e dans le champ de la peinture d\u2019o\u00f9 la difficult\u00e9 pour la critique de l\u2019\u00e9poque\u00a0de la nommer et par le fait m\u00eame de m\u2019int\u00e9grer dans une quelconque cat\u00e9gorie,\u00a0inutile de dire en passant que le chemin fut long pour la reconnaissance de ce travail\u00a0qui se situe justement entre la peinture et la sculpture.<\/p> <p style=\"text-align: left;\">\u00a0 \u00a0 D\u2019ou la n\u00e9cessit\u00e9 de rechercher un nouveau vocabulaire loin du tableau peint,\u00a0de la sculpture, de l\u2019installation (toujours \u201csalle de bain\u201d) de la performance :\u00a0cat\u00e9gories acad\u00e9misantes et d\u00e9primantes.\u00a0On peut parler de volume peint dans l\u2019espace en toute douceur et l\u00e9g\u00e8ret\u00e9 et\u00a0cela dans une continuit\u00e9 que l\u2019on per\u00e7oit r\u00e9trospectivement.<\/p><!--\/themify_builder_static-->","protected":false},"excerpt":{"rendered":"<p>POUTRE COLOR\u00c9E &#8211; 1973\u00a0 \u00a0 \u00a0 \u00a0J\u2019ai d\u00e9cid\u00e9 de poser la couleur rouge en stries s\u00e9quentielles qui se d\u00e9perdait\u00a0dans le bois naturel, comme une pulsion, en fait ce qui m\u2019int\u00e9ressait \u00e0 l\u2019\u00e9poque\u00a0c\u2019\u00e9tait le rapport \u00e0 l\u2019espace que j\u2019avais int\u00e9gr\u00e9 en regardant les constructivistes\u00a0Russes et les\u00a0minimalistes Am\u00e9ricains.Je n\u2019ai pour l\u2019instant trouv\u00e9 dans mes lectures, de th\u00e9oriciens [&hellip;]<\/p>\n","protected":false},"author":1,"featured_media":0,"parent":11355,"menu_order":0,"comment_status":"closed","ping_status":"closed","template":"","meta":{"footnotes":""},"class_list":["post-11675","page","type-page","status-publish","hentry","has-post-title","has-post-date","has-post-category","has-post-tag","has-post-comment","has-post-author",""],"yoast_head":"<!-- This site is optimized with the Yoast SEO plugin v26.6 - https:\/\/yoast.com\/wordpress\/plugins\/seo\/ -->\n<title>La Poutre Color\u00e9e, 1973 - Expos\u00e9e \u00e0 la galerie Eric Fabre en 1974 - C\u00d4ME MOSTA-HEIRT<\/title>\n<meta name=\"robots\" content=\"index, follow, max-snippet:-1, max-image-preview:large, max-video-preview:-1\" \/>\n<link rel=\"canonical\" href=\"https:\/\/mosta-heirt.com\/?page_id=11675\" \/>\n<meta property=\"og:locale\" content=\"fr_FR\" \/>\n<meta property=\"og:type\" content=\"article\" \/>\n<meta property=\"og:title\" content=\"La Poutre Color\u00e9e, 1973 - Expos\u00e9e \u00e0 la galerie Eric Fabre en 1974 - C\u00d4ME MOSTA-HEIRT\" \/>\n<meta property=\"og:description\" content=\"POUTRE COLOR\u00c9E &#8211; 1973\u00a0 \u00a0 \u00a0 \u00a0J\u2019ai d\u00e9cid\u00e9 de poser la couleur rouge en stries s\u00e9quentielles qui se d\u00e9perdait\u00a0dans le bois naturel, comme une pulsion, en fait ce qui m\u2019int\u00e9ressait \u00e0 l\u2019\u00e9poque\u00a0c\u2019\u00e9tait le rapport \u00e0 l\u2019espace que j\u2019avais int\u00e9gr\u00e9 en regardant les constructivistes\u00a0Russes et les\u00a0minimalistes Am\u00e9ricains.Je n\u2019ai pour l\u2019instant trouv\u00e9 dans mes lectures, de th\u00e9oriciens [&hellip;]\" \/>\n<meta property=\"og:url\" content=\"https:\/\/mosta-heirt.com\/?page_id=11675\" \/>\n<meta property=\"og:site_name\" content=\"C\u00d4ME MOSTA-HEIRT\" \/>\n<meta property=\"article:modified_time\" content=\"2022-12-25T13:19:26+00:00\" \/>\n<meta name=\"twitter:card\" content=\"summary_large_image\" \/>\n<script type=\"application\/ld+json\" class=\"yoast-schema-graph\">{\"@context\":\"https:\/\/schema.org\",\"@graph\":[{\"@type\":\"WebPage\",\"@id\":\"https:\/\/mosta-heirt.com\/?page_id=11675\",\"url\":\"https:\/\/mosta-heirt.com\/?page_id=11675\",\"name\":\"La Poutre Color\u00e9e, 1973 - Expos\u00e9e \u00e0 la galerie Eric Fabre en 1974 - C\u00d4ME MOSTA-HEIRT\",\"isPartOf\":{\"@id\":\"https:\/\/mosta-heirt.com\/#website\"},\"primaryImageOfPage\":{\"@id\":\"https:\/\/mosta-heirt.com\/?page_id=11675#primaryimage\"},\"image\":{\"@id\":\"https:\/\/mosta-heirt.com\/?page_id=11675#primaryimage\"},\"thumbnailUrl\":\"http:\/\/mosta-heirt.com\/wp-content\/uploads\/2017\/06\/poutre_colore_01-1-1.jpg\",\"datePublished\":\"2017-10-28T14:43:37+00:00\",\"dateModified\":\"2022-12-25T13:19:26+00:00\",\"breadcrumb\":{\"@id\":\"https:\/\/mosta-heirt.com\/?page_id=11675#breadcrumb\"},\"inLanguage\":\"fr-FR\",\"potentialAction\":[{\"@type\":\"ReadAction\",\"target\":[\"https:\/\/mosta-heirt.com\/?page_id=11675\"]}]},{\"@type\":\"ImageObject\",\"inLanguage\":\"fr-FR\",\"@id\":\"https:\/\/mosta-heirt.com\/?page_id=11675#primaryimage\",\"url\":\"http:\/\/mosta-heirt.com\/wp-content\/uploads\/2017\/06\/poutre_colore_01-1-1.jpg\",\"contentUrl\":\"http:\/\/mosta-heirt.com\/wp-content\/uploads\/2017\/06\/poutre_colore_01-1-1.jpg\"},{\"@type\":\"BreadcrumbList\",\"@id\":\"https:\/\/mosta-heirt.com\/?page_id=11675#breadcrumb\",\"itemListElement\":[{\"@type\":\"ListItem\",\"position\":1,\"name\":\"Accueil\",\"item\":\"https:\/\/mosta-heirt.com\/\"},{\"@type\":\"ListItem\",\"position\":2,\"name\":\"La Poutre Color\u00e9e, 1973 &#8211; Expos\u00e9e \u00e0 la galerie Eric Fabre en 1974\"}]},{\"@type\":\"WebSite\",\"@id\":\"https:\/\/mosta-heirt.com\/#website\",\"url\":\"https:\/\/mosta-heirt.com\/\",\"name\":\"C\u00d4ME MOSTA-HEIRT\",\"description\":\"\",\"potentialAction\":[{\"@type\":\"SearchAction\",\"target\":{\"@type\":\"EntryPoint\",\"urlTemplate\":\"https:\/\/mosta-heirt.com\/?s={search_term_string}\"},\"query-input\":{\"@type\":\"PropertyValueSpecification\",\"valueRequired\":true,\"valueName\":\"search_term_string\"}}],\"inLanguage\":\"fr-FR\"}]}<\/script>\n<!-- \/ Yoast SEO plugin. -->","yoast_head_json":{"title":"La Poutre Color\u00e9e, 1973 - Expos\u00e9e \u00e0 la galerie Eric Fabre en 1974 - C\u00d4ME MOSTA-HEIRT","robots":{"index":"index","follow":"follow","max-snippet":"max-snippet:-1","max-image-preview":"max-image-preview:large","max-video-preview":"max-video-preview:-1"},"canonical":"https:\/\/mosta-heirt.com\/?page_id=11675","og_locale":"fr_FR","og_type":"article","og_title":"La Poutre Color\u00e9e, 1973 - Expos\u00e9e \u00e0 la galerie Eric Fabre en 1974 - C\u00d4ME MOSTA-HEIRT","og_description":"POUTRE COLOR\u00c9E &#8211; 1973\u00a0 \u00a0 \u00a0 \u00a0J\u2019ai d\u00e9cid\u00e9 de poser la couleur rouge en stries s\u00e9quentielles qui se d\u00e9perdait\u00a0dans le bois naturel, comme une pulsion, en fait ce qui m\u2019int\u00e9ressait \u00e0 l\u2019\u00e9poque\u00a0c\u2019\u00e9tait le rapport \u00e0 l\u2019espace que j\u2019avais int\u00e9gr\u00e9 en regardant les constructivistes\u00a0Russes et les\u00a0minimalistes Am\u00e9ricains.Je n\u2019ai pour l\u2019instant trouv\u00e9 dans mes lectures, de th\u00e9oriciens [&hellip;]","og_url":"https:\/\/mosta-heirt.com\/?page_id=11675","og_site_name":"C\u00d4ME MOSTA-HEIRT","article_modified_time":"2022-12-25T13:19:26+00:00","twitter_card":"summary_large_image","schema":{"@context":"https:\/\/schema.org","@graph":[{"@type":"WebPage","@id":"https:\/\/mosta-heirt.com\/?page_id=11675","url":"https:\/\/mosta-heirt.com\/?page_id=11675","name":"La Poutre Color\u00e9e, 1973 - Expos\u00e9e \u00e0 la galerie Eric Fabre en 1974 - C\u00d4ME MOSTA-HEIRT","isPartOf":{"@id":"https:\/\/mosta-heirt.com\/#website"},"primaryImageOfPage":{"@id":"https:\/\/mosta-heirt.com\/?page_id=11675#primaryimage"},"image":{"@id":"https:\/\/mosta-heirt.com\/?page_id=11675#primaryimage"},"thumbnailUrl":"http:\/\/mosta-heirt.com\/wp-content\/uploads\/2017\/06\/poutre_colore_01-1-1.jpg","datePublished":"2017-10-28T14:43:37+00:00","dateModified":"2022-12-25T13:19:26+00:00","breadcrumb":{"@id":"https:\/\/mosta-heirt.com\/?page_id=11675#breadcrumb"},"inLanguage":"fr-FR","potentialAction":[{"@type":"ReadAction","target":["https:\/\/mosta-heirt.com\/?page_id=11675"]}]},{"@type":"ImageObject","inLanguage":"fr-FR","@id":"https:\/\/mosta-heirt.com\/?page_id=11675#primaryimage","url":"http:\/\/mosta-heirt.com\/wp-content\/uploads\/2017\/06\/poutre_colore_01-1-1.jpg","contentUrl":"http:\/\/mosta-heirt.com\/wp-content\/uploads\/2017\/06\/poutre_colore_01-1-1.jpg"},{"@type":"BreadcrumbList","@id":"https:\/\/mosta-heirt.com\/?page_id=11675#breadcrumb","itemListElement":[{"@type":"ListItem","position":1,"name":"Accueil","item":"https:\/\/mosta-heirt.com\/"},{"@type":"ListItem","position":2,"name":"La Poutre Color\u00e9e, 1973 &#8211; Expos\u00e9e \u00e0 la galerie Eric Fabre en 1974"}]},{"@type":"WebSite","@id":"https:\/\/mosta-heirt.com\/#website","url":"https:\/\/mosta-heirt.com\/","name":"C\u00d4ME MOSTA-HEIRT","description":"","potentialAction":[{"@type":"SearchAction","target":{"@type":"EntryPoint","urlTemplate":"https:\/\/mosta-heirt.com\/?s={search_term_string}"},"query-input":{"@type":"PropertyValueSpecification","valueRequired":true,"valueName":"search_term_string"}}],"inLanguage":"fr-FR"}]}},"builder_content":"<img src=\"http:\/\/mosta-heirt.com\/wp-content\/uploads\/2017\/06\/poutre_colore_01-1-1.jpg\" width=\"480\" height=\"587\" title=\"La Poutre Color\u00e9e, 1973 &#8211; Expos\u00e9e \u00e0 la galerie Eric Fabre en 1974\" alt=\"La Poutre Color\u00e9e, 1973 &#8211; Expos\u00e9e \u00e0 la galerie Eric Fabre en 1974\">\n<p style=\"text-align: center;\"><strong>POUTRE COLOR\u00c9E<\/strong><\/p> <p style=\"text-align: center;\">-<\/p> <p style=\"text-align: center;\">1973\u00a0<\/p>\n<p style=\"text-align: left;\">\u00a0 \u00a0 \u00a0J\u2019ai d\u00e9cid\u00e9 de poser la couleur rouge en stries s\u00e9quentielles qui se d\u00e9perdait\u00a0dans le bois naturel, comme une pulsion, en fait ce qui m\u2019int\u00e9ressait \u00e0 l\u2019\u00e9poque\u00a0c\u2019\u00e9tait le rapport \u00e0 l\u2019espace que j\u2019avais int\u00e9gr\u00e9 en regardant les constructivistes\u00a0Russes et les\u00a0minimalistes Am\u00e9ricains.<br>Je n\u2019ai pour l\u2019instant trouv\u00e9 dans mes lectures, de th\u00e9oriciens ou d\u2019historiens de l\u2019art\u00a0qui \u00e9voquent cette d\u00e9couverte, on se perd toujours dans le sujet alors que c\u2019est la\u00a0plastique qui devrait \u00eatre le propos. Cette orientation m\u00e9thodologique aura \u00e9t\u00e9 le but\u00a0de ma\u00a0recherche jusqu\u2019\u00e0 l\u2019heure actuelle. Ainsi je m\u2019aper\u00e7ois que les pr\u00e9monitions intuitives\u00a0que j\u2019avais \u00e0 l\u2019\u00e9poque se r\u00e9v\u00e8lent et m\u00fbrissent avec mes nouvelles pr\u00e9sentations, la\u00a0derni\u00e8re en date sera l\u2019exposition \u00e0 \u201cImmanence\u201d \u00e0 Paris en 2014.<\/p> <p style=\"text-align: left;\">On se rem\u00e9more, de cette poutre de 4m sectionn\u00e9e en deux morceaux, l\u2019un de 3m,\u00a0l\u2019autre de 1m. Elle \u00e9tait pos\u00e9e au sol, elle prenait l\u2019espace du sol comme une\u00a0\u00e9tendue. En tant que volume elle subvertit la notion de verticalit\u00e9, (ch\u00e8re \u00e0 nos\u00a0sculpteurs\u00a0traditionalistes), de socle\u2026. Mais elle introduisait la couleur ce qui l\u2019a\u00a0ramen\u00e9e dans le champ de la peinture d\u2019o\u00f9 la difficult\u00e9 pour la critique de l\u2019\u00e9poque\u00a0de la nommer et par le fait m\u00eame de m\u2019int\u00e9grer dans une quelconque cat\u00e9gorie,\u00a0inutile de dire en passant que le chemin fut long pour la reconnaissance de ce travail\u00a0qui se situe justement entre la peinture et la sculpture.<\/p> <p style=\"text-align: left;\">\u00a0 \u00a0 D\u2019ou la n\u00e9cessit\u00e9 de rechercher un nouveau vocabulaire loin du tableau peint,\u00a0de la sculpture, de l\u2019installation (toujours \u201csalle de bain\u201d) de la performance :\u00a0cat\u00e9gories acad\u00e9misantes et d\u00e9primantes.\u00a0On peut parler de volume peint dans l\u2019espace en toute douceur et l\u00e9g\u00e8ret\u00e9 et\u00a0cela dans une continuit\u00e9 que l\u2019on per\u00e7oit r\u00e9trospectivement.<\/p>","_links":{"self":[{"href":"https:\/\/mosta-heirt.com\/index.php?rest_route=\/wp\/v2\/pages\/11675","targetHints":{"allow":["GET"]}}],"collection":[{"href":"https:\/\/mosta-heirt.com\/index.php?rest_route=\/wp\/v2\/pages"}],"about":[{"href":"https:\/\/mosta-heirt.com\/index.php?rest_route=\/wp\/v2\/types\/page"}],"author":[{"embeddable":true,"href":"https:\/\/mosta-heirt.com\/index.php?rest_route=\/wp\/v2\/users\/1"}],"replies":[{"embeddable":true,"href":"https:\/\/mosta-heirt.com\/index.php?rest_route=%2Fwp%2Fv2%2Fcomments&post=11675"}],"version-history":[{"count":35,"href":"https:\/\/mosta-heirt.com\/index.php?rest_route=\/wp\/v2\/pages\/11675\/revisions"}],"predecessor-version":[{"id":12670,"href":"https:\/\/mosta-heirt.com\/index.php?rest_route=\/wp\/v2\/pages\/11675\/revisions\/12670"}],"up":[{"embeddable":true,"href":"https:\/\/mosta-heirt.com\/index.php?rest_route=\/wp\/v2\/pages\/11355"}],"wp:attachment":[{"href":"https:\/\/mosta-heirt.com\/index.php?rest_route=%2Fwp%2Fv2%2Fmedia&parent=11675"}],"curies":[{"name":"wp","href":"https:\/\/api.w.org\/{rel}","templated":true}]}}